{"id":1316,"date":"2025-10-30T14:00:24","date_gmt":"2025-10-30T14:00:24","guid":{"rendered":"https:\/\/scoala.upb.ro\/?page_id=1316"},"modified":"2025-10-30T14:01:59","modified_gmt":"2025-10-30T14:01:59","slug":"cariera","status":"publish","type":"page","link":"https:\/\/scoala.upb.ro\/?page_id=1316","title":{"rendered":"Carier\u0103"},"content":{"rendered":"\t\t<div data-elementor-type=\"wp-page\" data-elementor-id=\"1316\" class=\"elementor elementor-1316\">\n\t\t\t\t<div class=\"elementor-element elementor-element-ea1489c e-flex e-con-boxed e-con e-parent\" data-id=\"ea1489c\" data-element_type=\"container\">\n\t\t\t\t\t<div class=\"e-con-inner\">\n\t\t\t\t<div class=\"elementor-element elementor-element-b9a8d5e elementor-widget elementor-widget-text-editor\" data-id=\"b9a8d5e\" data-element_type=\"widget\" data-widget_type=\"text-editor.default\">\n\t\t\t\t<div class=\"elementor-widget-container\">\n\t\t\t\t\t\t\t\t\t<h3><strong>Posturi didactice libere la Liceul Politehnica, \u00eencep\u00e2nd cu 1 septembrie 2026<\/strong><\/h3><p>\u00a0<\/p><p>Posturile \u0219i frac\u021biunile de posturi vor fi vizibile \u00een aplica\u021bia na\u021bional\u0103 titularizare.ro, \u00eencep\u00e2nd cu perioada februarie-martie 2026.<\/p><p>Invit\u0103m profesorii interesa\u021bi s\u0103 ne contacteze (\u0219coala@upb.ro) pentru discu\u021bii \u0219i organizarea de activit\u0103\u021bi de proba.<\/p><p>\u00a0<\/p><p>\u00cen urma promov\u0103rii concursului na\u021bional de titularizare cu rezultate bune, vom oferi aviz pentru ob\u021binerea statutului de profesor titular la Liceul Politehnica.<\/p><p>\u00a0<\/p><p>List\u01ce posturi \u0219i frac\u021biuni de posturi<\/p><ul><li>Limba rom\u00e2n\u0103<\/li><li>Limba englez\u0103<\/li><li>Limba francez\u0103<\/li><li>Limba german\u0103<\/li><li>Matematic\u0103<\/li><li>Fizic\u0103<\/li><li>Geografie<\/li><li>Biologie<\/li><li>Istorie<\/li><li>Educa\u021bie social\u0103\/Logic\u01ce<\/li><li>Religie<\/li><li>Educa\u021bie muzical\u0103<\/li><li>Educa\u021bie vizual\u0103<\/li><li>Educa\u021bie tehnologic\u0103<\/li><li>TIC\/Informatica<\/li><\/ul>\t\t\t\t\t\t\t\t<\/div>\n\t\t\t\t<\/div>\n\t\t\t\t\t<\/div>\n\t\t\t\t<\/div>\n\t\t\t\t<\/div>\n\t\t","protected":false},"excerpt":{"rendered":"<p>Posturi didactice libere la Liceul Politehnica, \u00eencep\u00e2nd cu 1 septembrie 2026 \u00a0 Posturile \u0219i frac\u021biunile de posturi vor fi vizibile \u00een aplica\u021bia na\u021bional\u0103 titularizare.ro, \u00eencep\u00e2nd cu perioada februarie-martie 2026. Invit\u0103m [&hellip;]<\/p>\n","protected":false},"author":1,"featured_media":0,"parent":0,"menu_order":0,"comment_status":"closed","ping_status":"closed","template":"","meta":{"inline_featured_image":false,"footnotes":""},"class_list":["post-1316","page","type-page","status-publish","hentry"],"_links":{"self":[{"href":"https:\/\/scoala.upb.ro\/index.php?rest_route=\/wp\/v2\/pages\/1316","targetHints":{"allow":["GET"]}}],"collection":[{"href":"https:\/\/scoala.upb.ro\/index.php?rest_route=\/wp\/v2\/pages"}],"about":[{"href":"https:\/\/scoala.upb.ro\/index.php?rest_route=\/wp\/v2\/types\/page"}],"author":[{"embeddable":true,"href":"https:\/\/scoala.upb.ro\/index.php?rest_route=\/wp\/v2\/users\/1"}],"replies":[{"embeddable":true,"href":"https:\/\/scoala.upb.ro\/index.php?rest_route=%2Fwp%2Fv2%2Fcomments&post=1316"}],"version-history":[{"count":7,"href":"https:\/\/scoala.upb.ro\/index.php?rest_route=\/wp\/v2\/pages\/1316\/revisions"}],"predecessor-version":[{"id":1323,"href":"https:\/\/scoala.upb.ro\/index.php?rest_route=\/wp\/v2\/pages\/1316\/revisions\/1323"}],"wp:attachment":[{"href":"https:\/\/scoala.upb.ro\/index.php?rest_route=%2Fwp%2Fv2%2Fmedia&parent=1316"}],"curies":[{"name":"wp","href":"https:\/\/api.w.org\/{rel}","templated":true}]}}

Carieră

<div data-elementor-type="wp-page" data-elementor-id="1316" class="elementor elementor-1316">
				<div class="elementor-element elementor-element-ea1489c e-flex e-con-boxed e-con e-parent" data-id="ea1489c" data-element_type="container">
					<div class="e-con-inner">
				<div class="elementor-element elementor-element-b9a8d5e elementor-widget elementor-widget-text-editor" data-id="b9a8d5e" data-element_type="widget" data-widget_type="text-editor.default">
				<div class="elementor-widget-container">
									<h3><strong>Posturi didactice libere la Liceul Politehnica, începând cu 1 septembrie 2026</strong></h3><p> </p><p>Posturile și fracțiunile de posturi vor fi vizibile în aplicația națională titularizare.ro, începând cu perioada februarie-martie 2026.</p><p>Invităm profesorii interesați să ne contacteze (școala@upb.ro) pentru discuții și organizarea de activități de proba.</p><p> </p><p>În urma promovării concursului național de titularizare cu rezultate bune, vom oferi aviz pentru obținerea statutului de profesor titular la Liceul Politehnica.</p><p> </p><p>Listǎ posturi și fracțiuni de posturi</p><ul><li>Limba română</li><li>Limba engleză</li><li>Limba franceză</li><li>Limba germană</li><li>Matematică</li><li>Fizică</li><li>Geografie</li><li>Biologie</li><li>Istorie</li><li>Educație socială/Logicǎ</li><li>Religie</li><li>Educație muzicală</li><li>Educație vizuală</li><li>Educație tehnologică</li><li>TIC/Informatica</li></ul>								</div>
				</div>
					</div>
				</div>
				</div>

<p>Posturi didactice libere la Liceul Politehnica, începând cu 1 septembrie 2026   Posturile și fracțiunile de posturi vor fi vizibile în aplicația națională titularizare.ro, începând cu perioada februarie-martie 2026. Invităm [&hellip;]</p>
